{"id":610,"date":"2020-11-18T10:07:06","date_gmt":"2020-11-18T10:07:06","guid":{"rendered":"https:\/\/www.paubcn.com\/index.php\/camino-copy\/"},"modified":"2021-05-24T12:14:59","modified_gmt":"2021-05-24T12:14:59","slug":"el-museo-memorial-de-la-paz-devendra-una-plataforma-para-las-relaciones","status":"publish","type":"page","link":"https:\/\/www.paubcn.com\/index.php\/el-museo-memorial-de-la-paz-devendra-una-plataforma-para-las-relaciones\/","title":{"rendered":"MUSEO MEMORIAL DE LA PAZ"},"content":{"rendered":"\n<div class=\"wp-block-cover has-parallax\" style=\"background-image:url(https:\/\/www.paubcn.com\/wp-content\/uploads\/2020\/11\/tres-xemeneis-1.jpg)\"><div class=\"wp-block-cover__inner-container is-layout-flow wp-block-cover-is-layout-flow\">\n<p class=\"has-text-align-center has-text-color\" style=\"color:#e8d828;font-size:35px\"><strong>Peacekeepers Museum y Centro de Estudios de la Paz<\/strong><\/p>\n<\/div><\/div>\n\n\n\n<p class=\"has-drop-cap\">El potencial de impulso cultural y econ\u00f3mico que puede representar para el entorno urbano, la ubicaci\u00f3n del <strong>Museo Memorial de la Paz<\/strong> <em>&#8220;Peacekeepers Museum&#8221;<\/em>, en la infraestructura de las <strong>Tres Chimeneas de Sant Adri\u00e0 de Bes\u00f2s<\/strong>, devendr\u00e1 una plataforma para las relaciones internacionales estrat\u00e9gicas para poder disponer del primer, del \u00fanico, Museo Memorial destinado al Personal de la Paz de las Naciones Unidas y Organizaciones no gubernamentales (ONG) que han entregado su vida por la paz.<\/p>\n\n\n\n<div class=\"wp-block-image is-style-default\"><figure class=\"aligncenter size-large\"><img loading=\"lazy\" decoding=\"async\" width=\"1024\" height=\"325\" src=\"https:\/\/www.paubcn.com\/wp-content\/uploads\/2020\/11\/ONG-1024x325.jpeg\" alt=\"ONG para el Museo Memorial de la Paz\" class=\"wp-image-655\" srcset=\"https:\/\/www.paubcn.com\/wp-content\/uploads\/2020\/11\/ONG-1024x325.jpeg 1024w, https:\/\/www.paubcn.com\/wp-content\/uploads\/2020\/11\/ONG-300x95.jpeg 300w, https:\/\/www.paubcn.com\/wp-content\/uploads\/2020\/11\/ONG-768x244.jpeg 768w, https:\/\/www.paubcn.com\/wp-content\/uploads\/2020\/11\/ONG-1536x488.jpeg 1536w, https:\/\/www.paubcn.com\/wp-content\/uploads\/2020\/11\/ONG-2048x650.jpeg 2048w, https:\/\/www.paubcn.com\/wp-content\/uploads\/2020\/11\/ONG-1200x381.jpeg 1200w, https:\/\/www.paubcn.com\/wp-content\/uploads\/2020\/11\/ONG-1980x629.jpeg 1980w\" sizes=\"auto, (max-width: 1024px) 100vw, 1024px\" \/><\/figure><\/div>\n\n\n\n<blockquote class=\"wp-block-quote has-text-align-center is-layout-flow wp-block-quote-is-layout-flow\"><p><em>&#8230;&#8221;que el bien siga creciendo en el mundo depende, en parte, de actos sin historia, y que las cosas no sean tan malas para t\u00ed y para m\u00ed como pod\u00edan haber sido, se debe en parte a los muchos que vivieron fidelmente una vida oculta y descansan en tumbas que nadie visita&#8221;<\/em><\/p><cite>Mary Ann Evans (George Eliot) &#8211; Middlemarch<\/cite><\/blockquote>\n\n\n\n<p class=\"has-drop-cap\">El Museo Memorial de la Paz ha de ser un espacio muse\u00edstico relacionado con el personal y las misiones de paz a lo largo de la historia del mundo, un espacio que se transformar\u00eda en el \u00fanico <em>&#8220;Memorial de los trabajadores por la Paz&#8221;<\/em> como homenaje al colectivo de todas las mujeres y hombres que han perdido la vida en misiones de paz.<br><br>Deber\u00e1 ser un entorno donde la concepci\u00f3n nuclear sea la <a href=\"https:\/\/www.un.org\/es\/universal-declaration-human-rights\/\" target=\"_blank\" rel=\"noreferrer noopener\">Declaraci\u00f3n Universal de los Derechos Humanos<\/a> (DUDH), documento adoptado por la <a href=\"https:\/\/www.un.org\/es\/ga\/\" target=\"_blank\" rel=\"noreferrer noopener\">Asamblea General de las Naciones Unidas<\/a> (Resoluci\u00f3n 217 de 10 de Diciembre de 1948) que recoger\u00eda todos los acontecimientos a lo largo de la historia vinculados con los derechos humanos.<\/p>\n\n\n\n<p class=\"has-drop-cap\">El Museo Memorial de la Paz deber\u00e1 ser un punto de encuentro e intercambio para todos los programas universitarios, colectivos profesionales, organizaciones no gubernamentales, y cualquier otro profesional vinculado en la investigaci\u00f3n y el fomento de la paz. Un espacio que se centrar\u00eda en potenciar el desarrollo de las habilidades, las actitudes y el conocimiento necesarios para resolver los conflictos de manera pac\u00edfica con la intenci\u00f3n de trabajar hacia un mundo m\u00e1s justo y menos violento.<br><br>El Museo Memorial de la Paz debe ser un espacio donde los visitantes puedan sentirse implicados en el proceso de construcci\u00f3n de un futuro m\u00e1s pac\u00edfico. En ese contexto, el Museo Memorial tendr\u00eda la doble funci\u00f3n de servir de museo y de educar para la paz.<\/p>\n\n\n\n<p class=\"has-background-color has-accent-background-color has-text-color has-background\">PREVISI\u00d3N DE CONTENIDOS DOCENTES Y FORMATIVOS <br>(acuerdos entre diferentes paises, organismos no gubernamentales y universidades)<\/p>\n\n\n\n<p class=\"has-drop-cap\">En el Museo Memorial de la Paz deberian de tener cabida los programas de formaci\u00f3n cont\u00ednua (Diplomacia* y Derecho Internacional) as\u00ed como programas conjuntos de Cooperaci\u00f3n Externa y Acuerdos Institucionales).<br><br>Como ejemplo se pueden citar los siguientes:<\/p>\n\n\n\n<ul class=\"wp-block-list\"><li>Formaci\u00f3n cont\u00ednua de funcionarios diplom\u00e1ticos.<\/li><li>Formaci\u00f3n de funcionarios destinados a cooperaci\u00f3n internacional (ONU, Comunidad Europea).<\/li><li>Cursos espec\u00edficos y seminarios (dirigidos a profesionales del \u00e1mbito militar, period\u00edstico, sanitario, ONG&#8217;s, protecci\u00f3n civil, docencia, servicios sociales, abogac\u00eda, etc.).<\/li><li>Seminarios sobre relaciones internacionales y pol\u00edtica exterior.<\/li><li>Seminarios espec\u00edficos de resoluci\u00f3n de conflictos internacionales<\/li><li>Formaci\u00f3n espec\u00edfica de personal destinado a operaciones internacionales de mantenimiento de paz (ONU, ONG&#8217;s).<\/li><li>Seguimiento de las diferentes operaciones internacionales de mantenimiento de la paz en activo.<\/li><li>Cursos de intervenci\u00f3n, atenci\u00f3n y ayuda internacional en cat\u00e1strofes naturales, conflictos b\u00e9licos.<\/li><li>Conferencias y cursos sobre agresiones al medio ambiente, esclavitud moderna, mujer, infancia.<\/li><li>Formaci\u00f3n de funcionarios no diplom\u00e1ticos y personal contratado para prestar servicio en embajadas o consulados.<\/li><li>M\u00e1ster en diplomacia y relaciones internacionales.<\/li><li>Master oficial en direcci\u00f3n de protocolo, producci\u00f3n, organizaci\u00f3n y dise\u00f1o de acontecimientos.<\/li><li>Organizaci\u00f3n de Masters con programas conjuntos de diferentes universidades.<\/li><li>Programas de Formaci\u00f3n Profesional en el entorno de los Servicios Sociales.<\/li><\/ul>\n\n\n\n<p class=\"has-subtle-background-background-color has-background\">* La Escuela Diplom\u00e1tica es una instituci\u00f3n dependiente de la Subsecretar\u00eda de Asuntos Exteriores, Uni\u00f3n Europea y Cooperaci\u00f3n, del Ministerio de Asuntos Exteriores, Uni\u00f3n Europea y Cooperaci\u00f3n de Espa\u00f1a.<\/p>\n\n\n\n<div class=\"wp-block-buttons is-layout-flex wp-block-buttons-is-layout-flex\">\n<div class=\"wp-block-button\"><a class=\"wp-block-button__link\" href=\"https:\/\/www.paubcn.com\/index.php\/viajando-a-nuestro-interior\/\">4. ARTE Y PAZ<\/a><\/div>\n<\/div>\n\n\n\n<hr class=\"wp-block-separator\"\/>\n","protected":false},"excerpt":{"rendered":"<p>El potencial de impulso cultural y econ\u00f3mico que puede representar para el entorno urbano, la ubicaci\u00f3n del Museo Memorial de la Paz &#8220;Peacekeepers Museum&#8221;, en la infraestructura de las Tres Chimeneas de Sant Adri\u00e0 de Bes\u00f2s, devendr\u00e1 una plataforma para las relaciones internacionales estrat\u00e9gicas para poder disponer del primer, del \u00fanico, Museo Memorial destinado al [&hellip;]<\/p>\n","protected":false},"author":1,"featured_media":0,"parent":0,"menu_order":0,"comment_status":"closed","ping_status":"closed","template":"templates\/template-full-width.php","meta":{"_monsterinsights_skip_tracking":false,"_monsterinsights_sitenote_active":false,"_monsterinsights_sitenote_note":"","_monsterinsights_sitenote_category":0,"footnotes":""},"class_list":["post-610","page","type-page","status-publish","hentry"],"yoast_head":"<!-- This site is optimized with the Yoast SEO plugin v27.4 - https:\/\/yoast.com\/product\/yoast-seo-wordpress\/ -->\n<title>MUSEO MEMORIAL DE LA PAZ - Barcelona ciudad referente mundial de la paz % %<\/title>\n<meta name=\"description\" content=\"El Museo Memorial de la Paz ha de ser un espacio muse\u00edstico relacionado con el personal y las misiones de paz a lo largo de la historia...\" \/>\n<meta name=\"robots\" content=\"index, follow, max-snippet:-1, max-image-preview:large, max-video-preview:-1\" \/>\n<link rel=\"canonical\" href=\"https:\/\/www.paubcn.com\/index.php\/el-museo-memorial-de-la-paz-devendra-una-plataforma-para-las-relaciones\/\" \/>\n<meta property=\"og:locale\" content=\"ca_ES\" \/>\n<meta property=\"og:type\" content=\"article\" \/>\n<meta property=\"og:title\" content=\"MUSEO MEMORIAL DE LA PAZ - Barcelona ciudad referente mundial de la paz % %\" \/>\n<meta property=\"og:description\" content=\"El Museo Memorial de la Paz ha de ser un espacio muse\u00edstico relacionado con el personal y las misiones de paz a lo largo de la historia...\" \/>\n<meta property=\"og:url\" content=\"https:\/\/www.paubcn.com\/index.php\/el-museo-memorial-de-la-paz-devendra-una-plataforma-para-las-relaciones\/\" \/>\n<meta property=\"og:site_name\" content=\"Barcelona ciudad referente mundial de la paz\" \/>\n<meta property=\"article:modified_time\" content=\"2021-05-24T12:14:59+00:00\" \/>\n<meta property=\"og:image\" content=\"https:\/\/www.paubcn.com\/wp-content\/uploads\/2020\/11\/ONG-1024x325.jpeg\" \/>\n<meta name=\"twitter:card\" content=\"summary_large_image\" \/>\n<meta name=\"twitter:label1\" content=\"Temps estimat de lectura\" \/>\n\t<meta name=\"twitter:data1\" content=\"3 minuts\" \/>\n<script type=\"application\/ld+json\" class=\"yoast-schema-graph\">{\"@context\":\"https:\\\/\\\/schema.org\",\"@graph\":[{\"@type\":\"WebPage\",\"@id\":\"https:\\\/\\\/www.paubcn.com\\\/index.php\\\/el-museo-memorial-de-la-paz-devendra-una-plataforma-para-las-relaciones\\\/\",\"url\":\"https:\\\/\\\/www.paubcn.com\\\/index.php\\\/el-museo-memorial-de-la-paz-devendra-una-plataforma-para-las-relaciones\\\/\",\"name\":\"MUSEO MEMORIAL DE LA PAZ - Barcelona ciudad referente mundial de la paz % %\",\"isPartOf\":{\"@id\":\"https:\\\/\\\/www.paubcn.com\\\/#website\"},\"primaryImageOfPage\":{\"@id\":\"https:\\\/\\\/www.paubcn.com\\\/index.php\\\/el-museo-memorial-de-la-paz-devendra-una-plataforma-para-las-relaciones\\\/#primaryimage\"},\"image\":{\"@id\":\"https:\\\/\\\/www.paubcn.com\\\/index.php\\\/el-museo-memorial-de-la-paz-devendra-una-plataforma-para-las-relaciones\\\/#primaryimage\"},\"thumbnailUrl\":\"https:\\\/\\\/www.paubcn.com\\\/wp-content\\\/uploads\\\/2020\\\/11\\\/ONG-1024x325.jpeg\",\"datePublished\":\"2020-11-18T10:07:06+00:00\",\"dateModified\":\"2021-05-24T12:14:59+00:00\",\"description\":\"El Museo Memorial de la Paz ha de ser un espacio muse\u00edstico relacionado con el personal y las misiones de paz a lo largo de la historia...\",\"breadcrumb\":{\"@id\":\"https:\\\/\\\/www.paubcn.com\\\/index.php\\\/el-museo-memorial-de-la-paz-devendra-una-plataforma-para-las-relaciones\\\/#breadcrumb\"},\"inLanguage\":\"ca\",\"potentialAction\":[{\"@type\":\"ReadAction\",\"target\":[\"https:\\\/\\\/www.paubcn.com\\\/index.php\\\/el-museo-memorial-de-la-paz-devendra-una-plataforma-para-las-relaciones\\\/\"]}]},{\"@type\":\"ImageObject\",\"inLanguage\":\"ca\",\"@id\":\"https:\\\/\\\/www.paubcn.com\\\/index.php\\\/el-museo-memorial-de-la-paz-devendra-una-plataforma-para-las-relaciones\\\/#primaryimage\",\"url\":\"https:\\\/\\\/www.paubcn.com\\\/wp-content\\\/uploads\\\/2020\\\/11\\\/ONG.jpeg\",\"contentUrl\":\"https:\\\/\\\/www.paubcn.com\\\/wp-content\\\/uploads\\\/2020\\\/11\\\/ONG.jpeg\",\"width\":2406,\"height\":764},{\"@type\":\"BreadcrumbList\",\"@id\":\"https:\\\/\\\/www.paubcn.com\\\/index.php\\\/el-museo-memorial-de-la-paz-devendra-una-plataforma-para-las-relaciones\\\/#breadcrumb\",\"itemListElement\":[{\"@type\":\"ListItem\",\"position\":1,\"name\":\"Home\",\"item\":\"https:\\\/\\\/www.paubcn.com\\\/\"},{\"@type\":\"ListItem\",\"position\":2,\"name\":\"MUSEO MEMORIAL DE LA PAZ\"}]},{\"@type\":\"WebSite\",\"@id\":\"https:\\\/\\\/www.paubcn.com\\\/#website\",\"url\":\"https:\\\/\\\/www.paubcn.com\\\/\",\"name\":\"Barcelona ciudad referente mundial de la paz\",\"description\":\"\",\"publisher\":{\"@id\":\"https:\\\/\\\/www.paubcn.com\\\/#organization\"},\"potentialAction\":[{\"@type\":\"SearchAction\",\"target\":{\"@type\":\"EntryPoint\",\"urlTemplate\":\"https:\\\/\\\/www.paubcn.com\\\/?s={search_term_string}\"},\"query-input\":{\"@type\":\"PropertyValueSpecification\",\"valueRequired\":true,\"valueName\":\"search_term_string\"}}],\"inLanguage\":\"ca\"},{\"@type\":\"Organization\",\"@id\":\"https:\\\/\\\/www.paubcn.com\\\/#organization\",\"name\":\"Barcelona ciudad referente mundial de la paz\",\"url\":\"https:\\\/\\\/www.paubcn.com\\\/\",\"logo\":{\"@type\":\"ImageObject\",\"inLanguage\":\"ca\",\"@id\":\"https:\\\/\\\/www.paubcn.com\\\/#\\\/schema\\\/logo\\\/image\\\/\",\"url\":\"https:\\\/\\\/www.paubcn.com\\\/wp-content\\\/uploads\\\/2020\\\/11\\\/cropped-O_gris.png\",\"contentUrl\":\"https:\\\/\\\/www.paubcn.com\\\/wp-content\\\/uploads\\\/2020\\\/11\\\/cropped-O_gris.png\",\"width\":1345,\"height\":310,\"caption\":\"Barcelona ciudad referente mundial de la paz\"},\"image\":{\"@id\":\"https:\\\/\\\/www.paubcn.com\\\/#\\\/schema\\\/logo\\\/image\\\/\"}}]}<\/script>\n<!-- \/ Yoast SEO plugin. -->","yoast_head_json":{"title":"MUSEO MEMORIAL DE LA PAZ - Barcelona ciudad referente mundial de la paz % %","description":"El Museo Memorial de la Paz ha de ser un espacio muse\u00edstico relacionado con el personal y las misiones de paz a lo largo de la historia...","robots":{"index":"index","follow":"follow","max-snippet":"max-snippet:-1","max-image-preview":"max-image-preview:large","max-video-preview":"max-video-preview:-1"},"canonical":"https:\/\/www.paubcn.com\/index.php\/el-museo-memorial-de-la-paz-devendra-una-plataforma-para-las-relaciones\/","og_locale":"ca_ES","og_type":"article","og_title":"MUSEO MEMORIAL DE LA PAZ - Barcelona ciudad referente mundial de la paz % %","og_description":"El Museo Memorial de la Paz ha de ser un espacio muse\u00edstico relacionado con el personal y las misiones de paz a lo largo de la historia...","og_url":"https:\/\/www.paubcn.com\/index.php\/el-museo-memorial-de-la-paz-devendra-una-plataforma-para-las-relaciones\/","og_site_name":"Barcelona ciudad referente mundial de la paz","article_modified_time":"2021-05-24T12:14:59+00:00","og_image":[{"url":"https:\/\/www.paubcn.com\/wp-content\/uploads\/2020\/11\/ONG-1024x325.jpeg","type":"","width":"","height":""}],"twitter_card":"summary_large_image","twitter_misc":{"Temps estimat de lectura":"3 minuts"},"schema":{"@context":"https:\/\/schema.org","@graph":[{"@type":"WebPage","@id":"https:\/\/www.paubcn.com\/index.php\/el-museo-memorial-de-la-paz-devendra-una-plataforma-para-las-relaciones\/","url":"https:\/\/www.paubcn.com\/index.php\/el-museo-memorial-de-la-paz-devendra-una-plataforma-para-las-relaciones\/","name":"MUSEO MEMORIAL DE LA PAZ - Barcelona ciudad referente mundial de la paz % %","isPartOf":{"@id":"https:\/\/www.paubcn.com\/#website"},"primaryImageOfPage":{"@id":"https:\/\/www.paubcn.com\/index.php\/el-museo-memorial-de-la-paz-devendra-una-plataforma-para-las-relaciones\/#primaryimage"},"image":{"@id":"https:\/\/www.paubcn.com\/index.php\/el-museo-memorial-de-la-paz-devendra-una-plataforma-para-las-relaciones\/#primaryimage"},"thumbnailUrl":"https:\/\/www.paubcn.com\/wp-content\/uploads\/2020\/11\/ONG-1024x325.jpeg","datePublished":"2020-11-18T10:07:06+00:00","dateModified":"2021-05-24T12:14:59+00:00","description":"El Museo Memorial de la Paz ha de ser un espacio muse\u00edstico relacionado con el personal y las misiones de paz a lo largo de la historia...","breadcrumb":{"@id":"https:\/\/www.paubcn.com\/index.php\/el-museo-memorial-de-la-paz-devendra-una-plataforma-para-las-relaciones\/#breadcrumb"},"inLanguage":"ca","potentialAction":[{"@type":"ReadAction","target":["https:\/\/www.paubcn.com\/index.php\/el-museo-memorial-de-la-paz-devendra-una-plataforma-para-las-relaciones\/"]}]},{"@type":"ImageObject","inLanguage":"ca","@id":"https:\/\/www.paubcn.com\/index.php\/el-museo-memorial-de-la-paz-devendra-una-plataforma-para-las-relaciones\/#primaryimage","url":"https:\/\/www.paubcn.com\/wp-content\/uploads\/2020\/11\/ONG.jpeg","contentUrl":"https:\/\/www.paubcn.com\/wp-content\/uploads\/2020\/11\/ONG.jpeg","width":2406,"height":764},{"@type":"BreadcrumbList","@id":"https:\/\/www.paubcn.com\/index.php\/el-museo-memorial-de-la-paz-devendra-una-plataforma-para-las-relaciones\/#breadcrumb","itemListElement":[{"@type":"ListItem","position":1,"name":"Home","item":"https:\/\/www.paubcn.com\/"},{"@type":"ListItem","position":2,"name":"MUSEO MEMORIAL DE LA PAZ"}]},{"@type":"WebSite","@id":"https:\/\/www.paubcn.com\/#website","url":"https:\/\/www.paubcn.com\/","name":"Barcelona ciudad referente mundial de la paz","description":"","publisher":{"@id":"https:\/\/www.paubcn.com\/#organization"},"potentialAction":[{"@type":"SearchAction","target":{"@type":"EntryPoint","urlTemplate":"https:\/\/www.paubcn.com\/?s={search_term_string}"},"query-input":{"@type":"PropertyValueSpecification","valueRequired":true,"valueName":"search_term_string"}}],"inLanguage":"ca"},{"@type":"Organization","@id":"https:\/\/www.paubcn.com\/#organization","name":"Barcelona ciudad referente mundial de la paz","url":"https:\/\/www.paubcn.com\/","logo":{"@type":"ImageObject","inLanguage":"ca","@id":"https:\/\/www.paubcn.com\/#\/schema\/logo\/image\/","url":"https:\/\/www.paubcn.com\/wp-content\/uploads\/2020\/11\/cropped-O_gris.png","contentUrl":"https:\/\/www.paubcn.com\/wp-content\/uploads\/2020\/11\/cropped-O_gris.png","width":1345,"height":310,"caption":"Barcelona ciudad referente mundial de la paz"},"image":{"@id":"https:\/\/www.paubcn.com\/#\/schema\/logo\/image\/"}}]}},"_links":{"self":[{"href":"https:\/\/www.paubcn.com\/index.php\/wp-json\/wp\/v2\/pages\/610","targetHints":{"allow":["GET"]}}],"collection":[{"href":"https:\/\/www.paubcn.com\/index.php\/wp-json\/wp\/v2\/pages"}],"about":[{"href":"https:\/\/www.paubcn.com\/index.php\/wp-json\/wp\/v2\/types\/page"}],"author":[{"embeddable":true,"href":"https:\/\/www.paubcn.com\/index.php\/wp-json\/wp\/v2\/users\/1"}],"replies":[{"embeddable":true,"href":"https:\/\/www.paubcn.com\/index.php\/wp-json\/wp\/v2\/comments?post=610"}],"version-history":[{"count":20,"href":"https:\/\/www.paubcn.com\/index.php\/wp-json\/wp\/v2\/pages\/610\/revisions"}],"predecessor-version":[{"id":1481,"href":"https:\/\/www.paubcn.com\/index.php\/wp-json\/wp\/v2\/pages\/610\/revisions\/1481"}],"wp:attachment":[{"href":"https:\/\/www.paubcn.com\/index.php\/wp-json\/wp\/v2\/media?parent=610"}],"curies":[{"name":"wp","href":"https:\/\/api.w.org\/{rel}","templated":true}]}}